{"id":174,"date":"2017-01-18T13:42:18","date_gmt":"2017-01-18T15:42:18","guid":{"rendered":"https:\/\/webmidiadigital.com.br\/consorcios\/?page_id=174"},"modified":"2017-01-18T13:42:18","modified_gmt":"2017-01-18T15:42:18","slug":"politica-de-privacidade","status":"publish","type":"page","link":"https:\/\/webmidiadigital.com.br\/consorcios\/politica-de-privacidade\/","title":{"rendered":"Pol\u00edtica de Privacidade"},"content":{"rendered":"<p>No Web M\u00eddia Digital, suas informa\u00e7\u00f5es s\u00e3o criptografadas, nenhum dado pessoal fornecido por voc\u00ea ser\u00e1 usado para outros fins. Reconhecemos a import\u00e2ncia da privacidade. De seguida deixamos-lhe o tipo de informa\u00e7\u00e3o pessoal que recebemos e coletamos quando visita o Web M\u00eddia Digital, e como guardamos essa informa\u00e7\u00e3o. Nunca venderemos a sua informa\u00e7\u00e3o para terceiros, sejam eles particulares ou empresas. Tal como outros websites, coletamos e utilizamos informa\u00e7\u00e3o contida nos registros. A informa\u00e7\u00e3o contida nos registros, inclui o seu endere\u00e7o IP (internet protocol), o seu ISP (internet service provider, como o UOL, Terra, ou outro), o browser que utilizou ao visitar o nosso website (como o Internet Explorer ou o Firefox), o tempo da sua visita e que p\u00e1ginas visitou dentro do nosso website.<\/p>\n<p>Em adi\u00e7\u00e3o tamb\u00e9m utilizamos publicidade de terceiros no nosso website para suportar os custos de manuten\u00e7\u00e3o. Alguns destes publicit\u00e1rios, poder\u00e3o utilizar tecnologias como os cookies e\/ou web beacons quando publicitam no nosso website, o que far\u00e1 com que esses publicit\u00e1rios (como o Google atrav\u00e9s do Google AdSense) tamb\u00e9m recebam a sua informa\u00e7\u00e3o pessoal, como o endere\u00e7o IP, o seu ISP , o seu browser, etc. Esta fun\u00e7\u00e3o \u00e9 geralmente utilizada para geotargeting (mostrar publicidade de S\u00e3o Paulo apenas aos leitores oriundos de S\u00e3o Paulo por ex.) ou apresentar publicidade direcionada a um tipo de utilizador (como mostrar publicidade de restaurante a um utilizador que visita sites de culin\u00e1ria regularmente, por ex.). Voc\u00ea det\u00eam o poder de desligar os seus cookies, nas op\u00e7\u00f5es do seu browser, ou efetuando altera\u00e7\u00f5es nas ferramentas de programas Anti-V\u00edrus, como o Norton Internet Security. No entanto, isso poder\u00e1 alterar a forma como interage com o nosso website, ou outros websites. Isso poder\u00e1 afetar ou n\u00e3o permitir que fa\u00e7a logins em programas, sites ou f\u00f3runs da nossa e de outras redes.<\/p>\n","protected":false},"excerpt":{"rendered":"<p>No Web M\u00eddia Digital, suas informa\u00e7\u00f5es s\u00e3o criptografadas, nenhum dado pessoal fornecido por voc\u00ea ser\u00e1 usado para outros fins. Reconhecemos a import\u00e2ncia da privacidade. De seguida deixamos-lhe o tipo de informa\u00e7\u00e3o pessoal que recebemos e coletamos quando visita o Web M\u00eddia Digital, e como guardamos essa informa\u00e7\u00e3o. Nunca venderemos a sua informa\u00e7\u00e3o para terceiros, sejam [&hellip;]<\/p>\n","protected":false},"author":1,"featured_media":0,"parent":0,"menu_order":0,"comment_status":"closed","ping_status":"closed","template":"","meta":{"footnotes":""},"class_list":["post-174","page","type-page","status-publish","hentry"],"_links":{"self":[{"href":"https:\/\/webmidiadigital.com.br\/consorcios\/wp-json\/wp\/v2\/pages\/174","targetHints":{"allow":["GET"]}}],"collection":[{"href":"https:\/\/webmidiadigital.com.br\/consorcios\/wp-json\/wp\/v2\/pages"}],"about":[{"href":"https:\/\/webmidiadigital.com.br\/consorcios\/wp-json\/wp\/v2\/types\/page"}],"author":[{"embeddable":true,"href":"https:\/\/webmidiadigital.com.br\/consorcios\/wp-json\/wp\/v2\/users\/1"}],"replies":[{"embeddable":true,"href":"https:\/\/webmidiadigital.com.br\/consorcios\/wp-json\/wp\/v2\/comments?post=174"}],"version-history":[{"count":0,"href":"https:\/\/webmidiadigital.com.br\/consorcios\/wp-json\/wp\/v2\/pages\/174\/revisions"}],"wp:attachment":[{"href":"https:\/\/webmidiadigital.com.br\/consorcios\/wp-json\/wp\/v2\/media?parent=174"}],"curies":[{"name":"wp","href":"https:\/\/api.w.org\/{rel}","templated":true}]}}