{"id":176,"date":"2017-01-18T13:44:43","date_gmt":"2017-01-18T15:44:43","guid":{"rendered":"https:\/\/webmidiadigital.com.br\/consorcios\/?page_id=176"},"modified":"2017-01-18T13:44:43","modified_gmt":"2017-01-18T15:44:43","slug":"termos-de-uso","status":"publish","type":"page","link":"https:\/\/webmidiadigital.com.br\/consorcios\/termos-de-uso\/","title":{"rendered":"Termos de Uso"},"content":{"rendered":"<p>NORMAS E DIRETRIZES<\/p>\n<p>Ao publicar seu an\u00fancio aqui, voc\u00ea concorda que ele est\u00e1 em conformidade com nossas diretrizes indicadas abaixo.<\/p>\n<p>Reservamo-nos o direito de modificar qualquer an\u00fancio em viola\u00e7\u00e3o das nossas diretrizes para evitar abusos e manter o conte\u00fado apropriado para o nosso p\u00fablico em geral. Isso inclui pessoas de todas as idades, ra\u00e7as, religi\u00f5es e nacionalidades. Portanto, todos os an\u00fancios que est\u00e3o em viola\u00e7\u00e3o das nossas diretrizes est\u00e3o sujeitos a serem removidos imediatamente e sem aviso pr\u00e9vio.<\/p>\n<p>Ao colocar um an\u00fancio no nosso site, voc\u00ea concorda com a seguinte declara\u00e7\u00e3o:<\/p>\n<p>Concordo que serei o \u00fanico respons\u00e1vel pelo conte\u00fado de quaisquer an\u00fancios que eu postar no site. N\u00e3o irei responsabilizar o propriet\u00e1rio deste website por quaisquer perdas ou danos a mim mesmo ou a outras pessoas que possam resultar direta ou indiretamente de qualquer an\u00fancio que eu postar aqui.<\/p>\n<p>Ao colocar um an\u00fancio no nosso site, voc\u00ea tamb\u00e9m concorda com as seguintes orienta\u00e7\u00f5es:<\/p>\n<p>    Nenhuma linguagem il\u00edcita ou inapropriada ser\u00e1 tolerada. An\u00fancios em viola\u00e7\u00e3o desta regra est\u00e3o sujeitos a serem retirados imediatamente e sem aviso pr\u00e9vio. Em caso de an\u00fancio pago, nenhum reembolso ser\u00e1 realizado.<br \/>\n    Nenhum coment\u00e1rio racista, odioso, ou ofensivo de qualquer outra forma ser\u00e1 tolerado.<br \/>\n    N\u00e3o ser\u00e1 tolerado nenhum an\u00fancio que promova atividades que s\u00e3o ilegais sob pena das leis atuais.<br \/>\n    Qualquer an\u00fancio que parece ser meramente uma postagem de teste, uma piada, ou de qualquer outra forma hip\u00f3crita ou n\u00e3o verdadeira ou s\u00e9ria estar\u00e1 sujeita a remo\u00e7\u00e3o.<br \/>\n    Reservamos o m\u00e1ximo de discri\u00e7\u00e3o sobre os an\u00fancios que porventura, estejam em viola\u00e7\u00e3o destas diretrizes.<\/p>\n<p>Obrigado pela sua compreens\u00e3o.<\/p>\n","protected":false},"excerpt":{"rendered":"<p>NORMAS E DIRETRIZES Ao publicar seu an\u00fancio aqui, voc\u00ea concorda que ele est\u00e1 em conformidade com nossas diretrizes indicadas abaixo. Reservamo-nos o direito de modificar qualquer an\u00fancio em viola\u00e7\u00e3o das nossas diretrizes para evitar abusos e manter o conte\u00fado apropriado para o nosso p\u00fablico em geral. Isso inclui pessoas de todas as idades, ra\u00e7as, religi\u00f5es [&hellip;]<\/p>\n","protected":false},"author":1,"featured_media":0,"parent":0,"menu_order":0,"comment_status":"closed","ping_status":"closed","template":"","meta":{"footnotes":""},"class_list":["post-176","page","type-page","status-publish","hentry"],"_links":{"self":[{"href":"https:\/\/webmidiadigital.com.br\/consorcios\/wp-json\/wp\/v2\/pages\/176","targetHints":{"allow":["GET"]}}],"collection":[{"href":"https:\/\/webmidiadigital.com.br\/consorcios\/wp-json\/wp\/v2\/pages"}],"about":[{"href":"https:\/\/webmidiadigital.com.br\/consorcios\/wp-json\/wp\/v2\/types\/page"}],"author":[{"embeddable":true,"href":"https:\/\/webmidiadigital.com.br\/consorcios\/wp-json\/wp\/v2\/users\/1"}],"replies":[{"embeddable":true,"href":"https:\/\/webmidiadigital.com.br\/consorcios\/wp-json\/wp\/v2\/comments?post=176"}],"version-history":[{"count":0,"href":"https:\/\/webmidiadigital.com.br\/consorcios\/wp-json\/wp\/v2\/pages\/176\/revisions"}],"wp:attachment":[{"href":"https:\/\/webmidiadigital.com.br\/consorcios\/wp-json\/wp\/v2\/media?parent=176"}],"curies":[{"name":"wp","href":"https:\/\/api.w.org\/{rel}","templated":true}]}}